{"id":732,"date":"2022-07-12T15:04:57","date_gmt":"2022-07-12T13:04:57","guid":{"rendered":"https:\/\/pianetaterrafestival.it\/2024\/?page_id=732"},"modified":"2022-09-09T16:20:42","modified_gmt":"2022-09-09T14:20:42","slug":"chi-siamo","status":"publish","type":"page","link":"https:\/\/www.pianetaterrafestival.it\/2024\/chi-siamo\/","title":{"rendered":"Chi siamo"},"content":{"rendered":"\t\t<div data-elementor-type=\"wp-page\" data-elementor-id=\"732\" class=\"elementor elementor-732\">\n\t\t\t\t\t\t<section class=\"elementor-section elementor-top-section elementor-element elementor-element-f91916a elementor-section-boxed elementor-section-height-default elementor-section-height-default\" data-id=\"f91916a\" data-element_type=\"section\" data-e-type=\"section\">\n\t\t\t\t\t\t<div class=\"elementor-container elementor-column-gap-default\">\n\t\t\t\t\t<div class=\"elementor-column elementor-col-100 elementor-top-column elementor-element elementor-element-f35a8a6\" data-id=\"f35a8a6\" data-element_type=\"column\" data-e-type=\"column\">\n\t\t\t<div class=\"elementor-widget-wrap elementor-element-populated\">\n\t\t\t\t\t\t<div class=\"elementor-element elementor-element-fb039e9 animated-slow elementor-invisible elementor-widget elementor-widget-text-editor\" data-id=\"fb039e9\" data-element_type=\"widget\" data-e-type=\"widget\" data-settings=\"{&quot;_animation&quot;:&quot;fadeIn&quot;}\" data-widget_type=\"text-editor.default\">\n\t\t\t\t<div class=\"elementor-widget-container\">\n\t\t\t\t\t\t\t\t\t<h1>Chi siamo<\/h1>\t\t\t\t\t\t\t\t<\/div>\n\t\t\t\t<\/div>\n\t\t\t\t\t<\/div>\n\t\t<\/div>\n\t\t\t\t\t<\/div>\n\t\t<\/section>\n\t\t\t\t<section class=\"elementor-section elementor-top-section elementor-element elementor-element-4f88f5e elementor-section-boxed elementor-section-height-default elementor-section-height-default\" data-id=\"4f88f5e\" data-element_type=\"section\" data-e-type=\"section\">\n\t\t\t\t\t\t<div class=\"elementor-container elementor-column-gap-default\">\n\t\t\t\t\t<div class=\"elementor-column elementor-col-100 elementor-top-column elementor-element elementor-element-413c9fe\" data-id=\"413c9fe\" data-element_type=\"column\" data-e-type=\"column\">\n\t\t\t<div class=\"elementor-widget-wrap elementor-element-populated\">\n\t\t\t\t\t\t<div class=\"elementor-element elementor-element-209d6ef animated-slow elementor-widget-divider--view-line elementor-invisible elementor-widget elementor-widget-divider\" data-id=\"209d6ef\" data-element_type=\"widget\" data-e-type=\"widget\" data-settings=\"{&quot;_animation&quot;:&quot;slideInLeft&quot;}\" data-widget_type=\"divider.default\">\n\t\t\t\t<div class=\"elementor-widget-container\">\n\t\t\t\t\t\t\t<div class=\"elementor-divider\">\n\t\t\t<span class=\"elementor-divider-separator\">\n\t\t\t\t\t\t<\/span>\n\t\t<\/div>\n\t\t\t\t\t\t<\/div>\n\t\t\t\t<\/div>\n\t\t\t\t\t<\/div>\n\t\t<\/div>\n\t\t\t\t\t<\/div>\n\t\t<\/section>\n\t\t\t\t<section class=\"elementor-section elementor-top-section elementor-element elementor-element-3b33e20 elementor-section-boxed elementor-section-height-default elementor-section-height-default\" data-id=\"3b33e20\" data-element_type=\"section\" data-e-type=\"section\">\n\t\t\t\t\t\t<div class=\"elementor-container elementor-column-gap-default\">\n\t\t\t\t\t<div class=\"elementor-column elementor-col-100 elementor-top-column elementor-element elementor-element-817b7b3\" data-id=\"817b7b3\" data-element_type=\"column\" data-e-type=\"column\">\n\t\t\t<div class=\"elementor-widget-wrap elementor-element-populated\">\n\t\t\t\t\t\t<div class=\"elementor-element elementor-element-64f4398 elementor-widget elementor-widget-spacer\" data-id=\"64f4398\" data-element_type=\"widget\" data-e-type=\"widget\" data-widget_type=\"spacer.default\">\n\t\t\t\t<div class=\"elementor-widget-container\">\n\t\t\t\t\t\t\t<div class=\"elementor-spacer\">\n\t\t\t<div class=\"elementor-spacer-inner\"><\/div>\n\t\t<\/div>\n\t\t\t\t\t\t<\/div>\n\t\t\t\t<\/div>\n\t\t\t\t\t<\/div>\n\t\t<\/div>\n\t\t\t\t\t<\/div>\n\t\t<\/section>\n\t\t\t\t<section class=\"elementor-section elementor-top-section elementor-element elementor-element-003f877 elementor-section-boxed elementor-section-height-default elementor-section-height-default\" data-id=\"003f877\" data-element_type=\"section\" data-e-type=\"section\">\n\t\t\t\t\t\t<div class=\"elementor-container elementor-column-gap-default\">\n\t\t\t\t\t<div class=\"elementor-column elementor-col-100 elementor-top-column elementor-element elementor-element-479bfc4\" data-id=\"479bfc4\" data-element_type=\"column\" data-e-type=\"column\">\n\t\t\t<div class=\"elementor-widget-wrap\">\n\t\t\t\t\t\t\t<\/div>\n\t\t<\/div>\n\t\t\t\t\t<\/div>\n\t\t<\/section>\n\t\t\t\t<section class=\"elementor-section elementor-top-section elementor-element elementor-element-d176a13 elementor-section-boxed elementor-section-height-default elementor-section-height-default\" data-id=\"d176a13\" data-element_type=\"section\" data-e-type=\"section\">\n\t\t\t\t\t\t<div class=\"elementor-container elementor-column-gap-default\">\n\t\t\t\t\t<div class=\"elementor-column elementor-col-33 elementor-top-column elementor-element elementor-element-e0d59ea\" data-id=\"e0d59ea\" data-element_type=\"column\" data-e-type=\"column\">\n\t\t\t<div class=\"elementor-widget-wrap elementor-element-populated\">\n\t\t\t\t\t\t<div class=\"elementor-element elementor-element-a6ce4fc animated-slow elementor-invisible elementor-widget elementor-widget-image\" data-id=\"a6ce4fc\" data-element_type=\"widget\" data-e-type=\"widget\" data-settings=\"{&quot;_animation&quot;:&quot;fadeIn&quot;}\" data-widget_type=\"image.default\">\n\t\t\t\t<div class=\"elementor-widget-container\">\n\t\t\t\t\t\t\t\t\t\t\t\t\t\t\t<img fetchpriority=\"high\" decoding=\"async\" width=\"1024\" height=\"1024\" src=\"https:\/\/www.pianetaterrafestival.it\/2024\/wp-content\/uploads\/sites\/4\/2022\/09\/mancuso-1024x1024.png\" class=\"attachment-large size-large wp-image-1520\" alt=\"\" srcset=\"https:\/\/www.pianetaterrafestival.it\/2024\/wp-content\/uploads\/sites\/4\/2022\/09\/mancuso-1024x1024.png 1024w, https:\/\/www.pianetaterrafestival.it\/2024\/wp-content\/uploads\/sites\/4\/2022\/09\/mancuso-300x300.png 300w, https:\/\/www.pianetaterrafestival.it\/2024\/wp-content\/uploads\/sites\/4\/2022\/09\/mancuso-150x150.png 150w, https:\/\/www.pianetaterrafestival.it\/2024\/wp-content\/uploads\/sites\/4\/2022\/09\/mancuso-768x768.png 768w, https:\/\/www.pianetaterrafestival.it\/2024\/wp-content\/uploads\/sites\/4\/2022\/09\/mancuso.png 1080w\" sizes=\"(max-width: 1024px) 100vw, 1024px\" \/>\t\t\t\t\t\t\t\t\t\t\t\t\t\t\t<\/div>\n\t\t\t\t<\/div>\n\t\t\t\t\t<\/div>\n\t\t<\/div>\n\t\t\t\t<div class=\"elementor-column elementor-col-66 elementor-top-column elementor-element elementor-element-595a20d\" data-id=\"595a20d\" data-element_type=\"column\" data-e-type=\"column\">\n\t\t\t<div class=\"elementor-widget-wrap elementor-element-populated\">\n\t\t\t\t\t\t<div class=\"elementor-element elementor-element-5389c91 animated-slow elementor-invisible elementor-widget elementor-widget-text-editor\" data-id=\"5389c91\" data-element_type=\"widget\" data-e-type=\"widget\" data-settings=\"{&quot;_animation&quot;:&quot;fadeIn&quot;}\" data-widget_type=\"text-editor.default\">\n\t\t\t\t<div class=\"elementor-widget-container\">\n\t\t\t\t\t\t\t\t\t<p><strong>Stefano Mancuso | Il direttore scientifico<\/strong><\/p><p>Dirige il Laboratorio Internazionale di Neurobiologia Vegetale (LINV) dell\u2019Universit\u00e0 degli Studi di Firenze, presso la quale \u00e8 professore. \u00c8 membro fondatore dell\u2019International Society for Plant Signaling &amp; Behavior e accademico emerito dell\u2019Accademia dei Georgofili. \u00c8 inoltre Direttore Scientifico della Fondazione per il Futuro delle Citt\u00e0. Nel 2013 il \u00abNew Yorker\u00bb lo ha inserito nella classifica dei world changers. Si \u00e8 aggiudicato l\u2019International<br \/>Award per le idee innovative e le tecnologie per l\u2019agribusiness dell\u2019United Nations Industrial Development Organization per la startup Jellyfish Barge. Ha ideato e realizzato \u201cLa fabbrica dell\u2019aria\u201d, una serra studiata per depurare l\u2019aria eliminando l\u2019inquinamento indoor.<\/p><p>\u00c8 autore di testi di carattere scientifico e di oltre 300 pubblicazioni su riviste internazionali.<br \/>\u00c8 autore di molti libri tra i quali <em>Verde brillante<\/em> (2013), <em>Plant Revolution<\/em> (2017), <em>L\u2019incredibile viaggio delle piante<\/em> (2018), <em>La Nazione delle Piante<\/em> (2019), <em>La pianta del mondo<\/em> (2020), tutti tradotti in numerose lingue.<\/p>\t\t\t\t\t\t\t\t<\/div>\n\t\t\t\t<\/div>\n\t\t\t\t\t<\/div>\n\t\t<\/div>\n\t\t\t\t\t<\/div>\n\t\t<\/section>\n\t\t\t\t<section class=\"elementor-section elementor-top-section elementor-element elementor-element-fcf7677 elementor-section-boxed elementor-section-height-default elementor-section-height-default\" data-id=\"fcf7677\" data-element_type=\"section\" data-e-type=\"section\">\n\t\t\t\t\t\t<div class=\"elementor-container elementor-column-gap-default\">\n\t\t\t\t\t<div class=\"elementor-column elementor-col-100 elementor-top-column elementor-element elementor-element-27dc473\" data-id=\"27dc473\" data-element_type=\"column\" data-e-type=\"column\">\n\t\t\t<div class=\"elementor-widget-wrap\">\n\t\t\t\t\t\t\t<\/div>\n\t\t<\/div>\n\t\t\t\t\t<\/div>\n\t\t<\/section>\n\t\t\t\t<section class=\"elementor-section elementor-top-section elementor-element elementor-element-4e6a89f elementor-section-boxed elementor-section-height-default elementor-section-height-default\" data-id=\"4e6a89f\" data-element_type=\"section\" data-e-type=\"section\">\n\t\t\t\t\t\t<div class=\"elementor-container elementor-column-gap-default\">\n\t\t\t\t\t<div class=\"elementor-column elementor-col-100 elementor-top-column elementor-element elementor-element-deb96f7\" data-id=\"deb96f7\" data-element_type=\"column\" data-e-type=\"column\">\n\t\t\t<div class=\"elementor-widget-wrap elementor-element-populated\">\n\t\t\t\t\t\t<div class=\"elementor-element elementor-element-61bb75e animated-slow elementor-widget-divider--view-line elementor-invisible elementor-widget elementor-widget-divider\" data-id=\"61bb75e\" data-element_type=\"widget\" data-e-type=\"widget\" data-settings=\"{&quot;_animation&quot;:&quot;slideInLeft&quot;}\" data-widget_type=\"divider.default\">\n\t\t\t\t<div class=\"elementor-widget-container\">\n\t\t\t\t\t\t\t<div class=\"elementor-divider\">\n\t\t\t<span class=\"elementor-divider-separator\">\n\t\t\t\t\t\t<\/span>\n\t\t<\/div>\n\t\t\t\t\t\t<\/div>\n\t\t\t\t<\/div>\n\t\t\t\t\t<\/div>\n\t\t<\/div>\n\t\t\t\t\t<\/div>\n\t\t<\/section>\n\t\t\t\t<section class=\"elementor-section elementor-top-section elementor-element elementor-element-3ed9150 elementor-section-boxed elementor-section-height-default elementor-section-height-default\" data-id=\"3ed9150\" data-element_type=\"section\" data-e-type=\"section\">\n\t\t\t\t\t\t<div class=\"elementor-container elementor-column-gap-default\">\n\t\t\t\t\t<div class=\"elementor-column elementor-col-100 elementor-top-column elementor-element elementor-element-be4d4e1\" data-id=\"be4d4e1\" data-element_type=\"column\" data-e-type=\"column\">\n\t\t\t<div class=\"elementor-widget-wrap\">\n\t\t\t\t\t\t\t<\/div>\n\t\t<\/div>\n\t\t\t\t\t<\/div>\n\t\t<\/section>\n\t\t\t\t<section class=\"elementor-section elementor-top-section elementor-element elementor-element-ef35563 elementor-section-full_width animated-slow elementor-section-height-default elementor-section-height-default elementor-invisible\" data-id=\"ef35563\" data-element_type=\"section\" data-e-type=\"section\" data-settings=\"{&quot;animation&quot;:&quot;fadeIn&quot;}\">\n\t\t\t\t\t\t<div class=\"elementor-container elementor-column-gap-extended\">\n\t\t\t\t\t<div class=\"elementor-column elementor-col-50 elementor-top-column elementor-element elementor-element-86e692d\" data-id=\"86e692d\" data-element_type=\"column\" data-e-type=\"column\">\n\t\t\t<div class=\"elementor-widget-wrap elementor-element-populated\">\n\t\t\t\t\t\t<div class=\"elementor-element elementor-element-ac9da68 elementor-widget elementor-widget-text-editor\" data-id=\"ac9da68\" data-element_type=\"widget\" data-e-type=\"widget\" data-widget_type=\"text-editor.default\">\n\t\t\t\t<div class=\"elementor-widget-container\">\n\t\t\t\t\t\t\t\t\t<h2>Editori Laterza<\/h2>\t\t\t\t\t\t\t\t<\/div>\n\t\t\t\t<\/div>\n\t\t\t\t<div class=\"elementor-element elementor-element-a23fb2b elementor-widget elementor-widget-text-editor\" data-id=\"a23fb2b\" data-element_type=\"widget\" data-e-type=\"widget\" data-widget_type=\"text-editor.default\">\n\t\t\t\t<div class=\"elementor-widget-container\">\n\t\t\t\t\t\t\t\t\t<p>La Casa Editrice nasce il 10 maggio 1901, ed \u00e8 oggi guidata da Alessandro e Giuseppe Laterza. Con sede a Bari e Roma, vanta un ricco catalogo che comprende saggistica per il pubblico generale, manualistica e monografie per l\u2019universit\u00e0, testi per le scuole medie superiori e inferiori, libri tascabili ed economici.<\/p><p>Una produzione affiancata dall\u2019organizzazione di grandi eventi culturali, che vedono ogni anno una vastissima partecipazione di pubblico, in stretto contatto con soggetti istituzionali pubblici e privati.<\/p><p>Tra le iniziative promosse in questi anni,\u00a0le <em>Lezioni di Storia<\/em>, dal 2006 in alcune tra le maggiori citt\u00e0 italiane (Roma, Milano, Torino, Firenze, Genova, Napoli, Trieste, Bari, Udine, Cagliari, Brescia, Trento\/Rovereto, Verona, Padova, Matera), il <em>Festival Internazionale<\/em> <em style=\"font-size: 16px; font-variant-ligatures: normal; font-variant-caps: normal; font-weight: 400; text-align: inherit; font-family: brandon_grotesqueregular;\">dell<\/em><em>\u2019<span style=\"text-indent: 0em; text-align: inherit;\">E<\/span><\/em><em style=\"font-family: brandon_grotesqueregular; font-size: 16px; font-variant-ligatures: normal; font-variant-caps: normal; font-weight: 400; text-indent: 0em; text-align: inherit;\">conomia <\/em><span style=\"font-family: brandon_grotesqueregular; font-size: 16px; font-variant-ligatures: normal; font-variant-caps: normal; font-weight: 400; text-indent: 0em; text-align: inherit;\">a Torino<\/span><em style=\"font-family: brandon_grotesqueregular; font-size: 16px; font-variant-ligatures: normal; font-variant-caps: normal; font-weight: 400; text-indent: 0em; text-align: inherit;\">,\u00a0<\/em><span style=\"text-indent: 0em; text-align: inherit;\">il <\/span><em style=\"text-indent: 0em; text-align: inherit;\">Festival dell\u2019Economia <\/em><span style=\"text-indent: 0em; text-align: inherit;\">a Trento<\/span><span style=\"text-indent: 0em; text-align: inherit;\"> (giunto nel 2021 alla sedicesima edizione), il <\/span><em style=\"text-indent: 0em; text-align: inherit;\">Festival della Salute Globale <\/em><span style=\"text-indent: 0em; text-align: inherit;\">a Padova<\/span><span style=\"text-indent: 0em; text-align: inherit;\">, il <\/span><em style=\"text-indent: 0em; text-align: inherit;\">Lezioni di Storia Festival <\/em><span style=\"text-indent: 0em; text-align: inherit;\">a Napoli<\/span><span style=\"text-indent: 0em; text-align: inherit;\">.<\/span><\/p>\t\t\t\t\t\t\t\t<\/div>\n\t\t\t\t<\/div>\n\t\t\t\t\t<\/div>\n\t\t<\/div>\n\t\t\t\t<div class=\"elementor-column elementor-col-50 elementor-top-column elementor-element elementor-element-28ef568\" data-id=\"28ef568\" data-element_type=\"column\" data-e-type=\"column\">\n\t\t\t<div class=\"elementor-widget-wrap elementor-element-populated\">\n\t\t\t\t\t\t<div class=\"elementor-element elementor-element-411acf5 elementor-widget elementor-widget-text-editor\" data-id=\"411acf5\" data-element_type=\"widget\" data-e-type=\"widget\" data-widget_type=\"text-editor.default\">\n\t\t\t\t<div class=\"elementor-widget-container\">\n\t\t\t\t\t\t\t\t\t<h2>Fondazione Cassa di Risparmio di Lucca<\/h2>\t\t\t\t\t\t\t\t<\/div>\n\t\t\t\t<\/div>\n\t\t\t\t<div class=\"elementor-element elementor-element-b508344 elementor-widget elementor-widget-text-editor\" data-id=\"b508344\" data-element_type=\"widget\" data-e-type=\"widget\" data-widget_type=\"text-editor.default\">\n\t\t\t\t<div class=\"elementor-widget-container\">\n\t\t\t\t\t\t\t\t\t<p>Solidit\u00e0, inclusione, futuro. La Fondazione Cassa di Risparmio di Lucca nasce negli anni Novanta al pari delle altre fondazioni di origine bancaria italiane. Stabilmente collocata tra le prime dieci tanto per patrimonio quanto per erogazioni, opera nel suo territorio di riferimento \u2013 la provincia di Lucca \u2013 in tutti gli ambiti connessi alla promozione culturale, alla salvaguardia del territorio e del patrimonio artistico, alla cura del tessuto sociale ed economico di tutte le comunit\u00e0 che compongono un\u2019area abitata da circa 390.000 abitanti.<\/p><p>Grazie alle risorse generate dalla gestione di un patrimonio di oltre 1,2 miliardi di euro e ad erogazioni che negli ultimi dieci anni hanno visto riversare sul territorio una media di 27,5 milioni di euro all\u2019anno, l\u2019ente lavora attraverso l\u2019ascolto e la co-progettazione per contribuire, in maniera sussidiaria rispetto alle istituzioni, alla realizzazione di strategie condivise e percorsi di crescita anche sui temi della sostenibilit\u00e0 e della transizione ecologica, sostenendo progetti di ricerca e, da ultimo, credendo profondamente nell\u2019idea di una manifestazione come Pianeta Terra: non solo come strumento di sensibilizzazione, ma soprattutto come occasione per rendere Lucca centro focale di questa rivoluzione \u2018necessaria\u2019.<\/p>\t\t\t\t\t\t\t\t<\/div>\n\t\t\t\t<\/div>\n\t\t\t\t\t<\/div>\n\t\t<\/div>\n\t\t\t\t\t<\/div>\n\t\t<\/section>\n\t\t\t\t<\/div>\n\t\t","protected":false},"excerpt":{"rendered":"<p>Chi siamo Stefano Mancuso | Il direttore scientifico Dirige il Laboratorio Internazionale di Neurobiologia Vegetale (LINV) dell\u2019Universit\u00e0 degli Studi di Firenze, presso la quale \u00e8 &hellip;<\/p>\n","protected":false},"author":1,"featured_media":0,"parent":0,"menu_order":0,"comment_status":"closed","ping_status":"closed","template":"","meta":{"_acf_changed":false,"footnotes":""},"class_list":["post-732","page","type-page","status-publish","hentry"],"acf":[],"yoast_head":"<!-- This site is optimized with the Yoast SEO plugin v27.0 - https:\/\/yoast.com\/product\/yoast-seo-wordpress\/ -->\n<title>Chi siamo - Pianeta terra festival 2024<\/title>\n<meta name=\"robots\" content=\"index, follow, max-snippet:-1, max-image-preview:large, max-video-preview:-1\" \/>\n<link rel=\"canonical\" href=\"https:\/\/www.pianetaterrafestival.it\/2024\/chi-siamo\/\" \/>\n<meta property=\"og:locale\" content=\"it_IT\" \/>\n<meta property=\"og:type\" content=\"article\" \/>\n<meta property=\"og:title\" content=\"Chi siamo - Pianeta terra festival 2024\" \/>\n<meta property=\"og:description\" content=\"Chi siamo Stefano Mancuso | Il direttore scientifico Dirige il Laboratorio Internazionale di Neurobiologia Vegetale (LINV) dell\u2019Universit\u00e0 degli Studi di Firenze, presso la quale \u00e8 &hellip;\" \/>\n<meta property=\"og:url\" content=\"https:\/\/www.pianetaterrafestival.it\/2024\/chi-siamo\/\" \/>\n<meta property=\"og:site_name\" content=\"Pianeta terra festival 2024\" \/>\n<meta property=\"article:modified_time\" content=\"2022-09-09T14:20:42+00:00\" \/>\n<meta property=\"og:image\" content=\"https:\/\/pianetaterrafestival.it\/2024\/wp-content\/uploads\/sites\/4\/2022\/09\/mancuso-1024x1024.png\" \/>\n<meta name=\"twitter:card\" content=\"summary_large_image\" \/>\n<meta name=\"twitter:label1\" content=\"Tempo di lettura stimato\" \/>\n\t<meta name=\"twitter:data1\" content=\"3 minuti\" \/>\n<script type=\"application\/ld+json\" class=\"yoast-schema-graph\">{\"@context\":\"https:\/\/schema.org\",\"@graph\":[{\"@type\":\"WebPage\",\"@id\":\"https:\/\/www.pianetaterrafestival.it\/2024\/chi-siamo\/\",\"url\":\"https:\/\/www.pianetaterrafestival.it\/2024\/chi-siamo\/\",\"name\":\"Chi siamo - Pianeta terra festival 2024\",\"isPartOf\":{\"@id\":\"https:\/\/www.pianetaterrafestival.it\/2024\/#website\"},\"primaryImageOfPage\":{\"@id\":\"https:\/\/www.pianetaterrafestival.it\/2024\/chi-siamo\/#primaryimage\"},\"image\":{\"@id\":\"https:\/\/www.pianetaterrafestival.it\/2024\/chi-siamo\/#primaryimage\"},\"thumbnailUrl\":\"https:\/\/pianetaterrafestival.it\/2024\/wp-content\/uploads\/sites\/4\/2022\/09\/mancuso-1024x1024.png\",\"datePublished\":\"2022-07-12T13:04:57+00:00\",\"dateModified\":\"2022-09-09T14:20:42+00:00\",\"breadcrumb\":{\"@id\":\"https:\/\/www.pianetaterrafestival.it\/2024\/chi-siamo\/#breadcrumb\"},\"inLanguage\":\"it-IT\",\"potentialAction\":[{\"@type\":\"ReadAction\",\"target\":[\"https:\/\/www.pianetaterrafestival.it\/2024\/chi-siamo\/\"]}]},{\"@type\":\"ImageObject\",\"inLanguage\":\"it-IT\",\"@id\":\"https:\/\/www.pianetaterrafestival.it\/2024\/chi-siamo\/#primaryimage\",\"url\":\"https:\/\/pianetaterrafestival.it\/2024\/wp-content\/uploads\/sites\/4\/2022\/09\/mancuso-1024x1024.png\",\"contentUrl\":\"https:\/\/pianetaterrafestival.it\/2024\/wp-content\/uploads\/sites\/4\/2022\/09\/mancuso-1024x1024.png\"},{\"@type\":\"BreadcrumbList\",\"@id\":\"https:\/\/www.pianetaterrafestival.it\/2024\/chi-siamo\/#breadcrumb\",\"itemListElement\":[{\"@type\":\"ListItem\",\"position\":1,\"name\":\"Home\",\"item\":\"https:\/\/www.pianetaterrafestival.it\/2024\/\"},{\"@type\":\"ListItem\",\"position\":2,\"name\":\"Chi siamo\"}]},{\"@type\":\"WebSite\",\"@id\":\"https:\/\/www.pianetaterrafestival.it\/2024\/#website\",\"url\":\"https:\/\/www.pianetaterrafestival.it\/2024\/\",\"name\":\"Pianeta terra festival 2024\",\"description\":\"\",\"publisher\":{\"@id\":\"https:\/\/www.pianetaterrafestival.it\/2024\/#organization\"},\"potentialAction\":[{\"@type\":\"SearchAction\",\"target\":{\"@type\":\"EntryPoint\",\"urlTemplate\":\"https:\/\/www.pianetaterrafestival.it\/2024\/?s={search_term_string}\"},\"query-input\":{\"@type\":\"PropertyValueSpecification\",\"valueRequired\":true,\"valueName\":\"search_term_string\"}}],\"inLanguage\":\"it-IT\"},{\"@type\":\"Organization\",\"@id\":\"https:\/\/www.pianetaterrafestival.it\/2024\/#organization\",\"name\":\"Pianeta terra festival 2024\",\"url\":\"https:\/\/www.pianetaterrafestival.it\/2024\/\",\"logo\":{\"@type\":\"ImageObject\",\"inLanguage\":\"it-IT\",\"@id\":\"https:\/\/www.pianetaterrafestival.it\/2024\/#\/schema\/logo\/image\/\",\"url\":\"https:\/\/www.pianetaterrafestival.it\/2024\/wp-content\/uploads\/sites\/4\/2022\/07\/cropped-cropped-logo.png\",\"contentUrl\":\"https:\/\/www.pianetaterrafestival.it\/2024\/wp-content\/uploads\/sites\/4\/2022\/07\/cropped-cropped-logo.png\",\"width\":1907,\"height\":1867,\"caption\":\"Pianeta terra festival 2024\"},\"image\":{\"@id\":\"https:\/\/www.pianetaterrafestival.it\/2024\/#\/schema\/logo\/image\/\"}}]}<\/script>\n<!-- \/ Yoast SEO plugin. -->","yoast_head_json":{"title":"Chi siamo - Pianeta terra festival 2024","robots":{"index":"index","follow":"follow","max-snippet":"max-snippet:-1","max-image-preview":"max-image-preview:large","max-video-preview":"max-video-preview:-1"},"canonical":"https:\/\/www.pianetaterrafestival.it\/2024\/chi-siamo\/","og_locale":"it_IT","og_type":"article","og_title":"Chi siamo - Pianeta terra festival 2024","og_description":"Chi siamo Stefano Mancuso | Il direttore scientifico Dirige il Laboratorio Internazionale di Neurobiologia Vegetale (LINV) dell\u2019Universit\u00e0 degli Studi di Firenze, presso la quale \u00e8 &hellip;","og_url":"https:\/\/www.pianetaterrafestival.it\/2024\/chi-siamo\/","og_site_name":"Pianeta terra festival 2024","article_modified_time":"2022-09-09T14:20:42+00:00","og_image":[{"url":"https:\/\/pianetaterrafestival.it\/2024\/wp-content\/uploads\/sites\/4\/2022\/09\/mancuso-1024x1024.png","type":"","width":"","height":""}],"twitter_card":"summary_large_image","twitter_misc":{"Tempo di lettura stimato":"3 minuti"},"schema":{"@context":"https:\/\/schema.org","@graph":[{"@type":"WebPage","@id":"https:\/\/www.pianetaterrafestival.it\/2024\/chi-siamo\/","url":"https:\/\/www.pianetaterrafestival.it\/2024\/chi-siamo\/","name":"Chi siamo - Pianeta terra festival 2024","isPartOf":{"@id":"https:\/\/www.pianetaterrafestival.it\/2024\/#website"},"primaryImageOfPage":{"@id":"https:\/\/www.pianetaterrafestival.it\/2024\/chi-siamo\/#primaryimage"},"image":{"@id":"https:\/\/www.pianetaterrafestival.it\/2024\/chi-siamo\/#primaryimage"},"thumbnailUrl":"https:\/\/pianetaterrafestival.it\/2024\/wp-content\/uploads\/sites\/4\/2022\/09\/mancuso-1024x1024.png","datePublished":"2022-07-12T13:04:57+00:00","dateModified":"2022-09-09T14:20:42+00:00","breadcrumb":{"@id":"https:\/\/www.pianetaterrafestival.it\/2024\/chi-siamo\/#breadcrumb"},"inLanguage":"it-IT","potentialAction":[{"@type":"ReadAction","target":["https:\/\/www.pianetaterrafestival.it\/2024\/chi-siamo\/"]}]},{"@type":"ImageObject","inLanguage":"it-IT","@id":"https:\/\/www.pianetaterrafestival.it\/2024\/chi-siamo\/#primaryimage","url":"https:\/\/pianetaterrafestival.it\/2024\/wp-content\/uploads\/sites\/4\/2022\/09\/mancuso-1024x1024.png","contentUrl":"https:\/\/pianetaterrafestival.it\/2024\/wp-content\/uploads\/sites\/4\/2022\/09\/mancuso-1024x1024.png"},{"@type":"BreadcrumbList","@id":"https:\/\/www.pianetaterrafestival.it\/2024\/chi-siamo\/#breadcrumb","itemListElement":[{"@type":"ListItem","position":1,"name":"Home","item":"https:\/\/www.pianetaterrafestival.it\/2024\/"},{"@type":"ListItem","position":2,"name":"Chi siamo"}]},{"@type":"WebSite","@id":"https:\/\/www.pianetaterrafestival.it\/2024\/#website","url":"https:\/\/www.pianetaterrafestival.it\/2024\/","name":"Pianeta terra festival 2024","description":"","publisher":{"@id":"https:\/\/www.pianetaterrafestival.it\/2024\/#organization"},"potentialAction":[{"@type":"SearchAction","target":{"@type":"EntryPoint","urlTemplate":"https:\/\/www.pianetaterrafestival.it\/2024\/?s={search_term_string}"},"query-input":{"@type":"PropertyValueSpecification","valueRequired":true,"valueName":"search_term_string"}}],"inLanguage":"it-IT"},{"@type":"Organization","@id":"https:\/\/www.pianetaterrafestival.it\/2024\/#organization","name":"Pianeta terra festival 2024","url":"https:\/\/www.pianetaterrafestival.it\/2024\/","logo":{"@type":"ImageObject","inLanguage":"it-IT","@id":"https:\/\/www.pianetaterrafestival.it\/2024\/#\/schema\/logo\/image\/","url":"https:\/\/www.pianetaterrafestival.it\/2024\/wp-content\/uploads\/sites\/4\/2022\/07\/cropped-cropped-logo.png","contentUrl":"https:\/\/www.pianetaterrafestival.it\/2024\/wp-content\/uploads\/sites\/4\/2022\/07\/cropped-cropped-logo.png","width":1907,"height":1867,"caption":"Pianeta terra festival 2024"},"image":{"@id":"https:\/\/www.pianetaterrafestival.it\/2024\/#\/schema\/logo\/image\/"}}]}},"_links":{"self":[{"href":"https:\/\/www.pianetaterrafestival.it\/2024\/wp-json\/wp\/v2\/pages\/732","targetHints":{"allow":["GET"]}}],"collection":[{"href":"https:\/\/www.pianetaterrafestival.it\/2024\/wp-json\/wp\/v2\/pages"}],"about":[{"href":"https:\/\/www.pianetaterrafestival.it\/2024\/wp-json\/wp\/v2\/types\/page"}],"author":[{"embeddable":true,"href":"https:\/\/www.pianetaterrafestival.it\/2024\/wp-json\/wp\/v2\/users\/1"}],"replies":[{"embeddable":true,"href":"https:\/\/www.pianetaterrafestival.it\/2024\/wp-json\/wp\/v2\/comments?post=732"}],"version-history":[{"count":0,"href":"https:\/\/www.pianetaterrafestival.it\/2024\/wp-json\/wp\/v2\/pages\/732\/revisions"}],"wp:attachment":[{"href":"https:\/\/www.pianetaterrafestival.it\/2024\/wp-json\/wp\/v2\/media?parent=732"}],"curies":[{"name":"wp","href":"https:\/\/api.w.org\/{rel}","templated":true}]}}